 is the remainder when s is divided by 82?
68
Let h(a) = a**3 + 5*a**2 - a + 2. Suppose 0 = 5*f - 9*f + 672. Suppose -f = -0*j - 4*j. Calculate the remainder when j is divided by h(-4).
20
Suppose -2*d = -2*y + y + 16, -46 = -4*y + 2*d. Suppose 8*z + 96 = y*z. What is the remainder when z is divided by 17?
14
Suppose 81 - 29 = 2*b. Calculate the remainder when 87 is divided by b.
9
Let m(w) = 11*w - 5. Let c(p) = 3*p + 34. What is the remainder when m(2) is divided by c(-8)?
7
Let c(g) = 2*g**2 - g**2 + 0*g + 2 + g + 19. What is the remainder when c(0) is divided by 6?
3
Let i = -1206 + 1285. Calculate the remainder when 394 is divided by i.
78
Suppose 2 = -s, 5*w - 55 - 38 = 4*s. Let x(j) = -j**3 + 3*j**2 + 2*j - 2. Let g be x(2). Let n = 12 - g. What is the remainder when w is divided by n?
5
Let u be 58/14 - 16/112. Suppose 2*w = u*h - 20, -h - 2*w = 3*w - 27. Suppose -o - 22 = 5*a, 4*a + 32 + 3 = 5*o. What is the remainder when h is divided by o?
1
Let s(g) = 31*g - 172. What is the remainder when s(7) is divided by 26?
19
Suppose 7*h - 234 - 403 = 0. What is the remainder when 249 is divided by h?
67
What is the remainder when (-13)/(52/20) - -81 is divided by 13?
11
Suppose 6*t = -4*k + 4*t + 296, 209 = 3*k - 5*t. Suppose 0 = -4*c + 39 - 175. Let m = k + c. Calculate the remainder when m is divided by 21.
18
Let c(f) = -44*f - 2. Let r be c(-3). Suppose -2*g = -2*t - 16 - 36, -5*g + r = 2*t. Calculate the remainder when g is divided by 15.
11
Suppose 19*v - 15*v + 4*z = 104, 3*v + 4*z = 73. What is the remainder when v is divided by 3?
1
Let m be (4/(-6))/(10/(-90)). Suppose 0 = m*z - 292 + 76. Suppose 3*t + 2*l - l = 40, 0 = -2*t + 4*l + z. What is the remainder when t is divided by 4?
2
Let z(r) = r**2 + r. Let c be z(-2). Suppose c*n = -2*n. Suppose n = -i + 5*i - 76. What is the remainder when 35 is divided by i?
16
Suppose 4*b + 15 - 55 = 0. Suppose 0*y = -y + b. Let r = -61 - -88. Calculate the remainder when r is divided by y.
7
Let r(m) = -m**3 + m**2 - m. Let f(h) = h**3 - 8*h**2 - h + 6. Let j(g) = -f(g) - 2*r(g). What is the remainder when 69 is divided by j(-4)?
13
What is the remainder when 2593 is divided by (-87 + -1)/(5 - 3 - 4)?
41
Suppose z - g = g + 54, -3*g = 4*z - 260. Suppose 4*v + 3*a = 105, 2*v - 2*a = -6 + z. Calculate the remainder when v is divided by 8.
3
Let v(y) = 2*y - 18. Let h be v(9). Suppose 29 = 2*c - s, h*s = 2*s - 6. Suppose -3*q = -2 - c. Calculate the remainder when 15 is divided by q.
3
Let h(r) = r - 2. Let y be h(-5). Let p(b) = -3 - b**2 - 15*b - 2 + 1. Calculate the remainder when p(y) is divided by 18.
16
Let d = -534 + 559. What is the remainder when 143 is divided by d?
18
Suppose 4*x - 2 = 3*f + 25, -4*f = x + 17. Suppose 0*v = -x*y + 3*v + 24, 0 = -4*v - 12. Calculate the remainder when y is divided by 4.
1
Let g(o) = -o**2 + 9*o - 13. Let c be g(6). Suppose -5*u - c = v, -14 = 4*v + 4*u - 42. Calculate the remainder when 59 is divided by v.
9
Let h(l) = -2*l - 12. Let r be h(-8). Suppose -5*n - 5*c = 20, -r*n + 5*c - 21 = 4*c. Calculate the remainder when 103 is divided by ((-26)/6)/(n/30).
25
Let l be (1 - 1) + (-1 - 3). Suppose -11*g = 19 - 52. What is the remainder when 15 is divided by (0 - g) + 15 + l?
7
Suppose 201 = 8*n - 199. What is the remainder when 199 is divided by n?
49
Calculate the remainder when 138 is divided by (-304)/(-22) + 46/253.
12
Suppose -4*s + q + 10 = -53, 4*q - 63 = -5*s. Calculate the remainder when 223 is divided by s.
13
Suppose -g - 39 - 33 = 0. Let t = 80 + g. Calculate the remainder when 22 is divided by t.
6
Suppose -2232 = -4*w + 3*y - 729, 0 = -3*w + 5*y + 1130. Let r = w - 259. What is the remainder when r is divided by 17?
14
Let c be 6/((6/(-4))/1). Let z(s) = 2*s**2 + 7*s + 9. Calculate the remainder when 23 is divided by z(c).
10
Let r(j) = 2*j**2 + 2*j. Let i(z) = -z + 1. Let o be i(-5). Suppose 2*b = -2*k, 5*k + 3*b = o - 2. Calculate the remainder when r(k) is divided by 4.
0
Let d = 8 - 8. Let z be 5 - (8/4 - d). Suppose z*j + 1 = -m, m - 13 = j + 2. Calculate the remainder when 41 is divided by m.
8
Suppose -240 - 340 = 4*l. Suppose -4*u - g - 4*g + 897 = 0, -2*u + g + 459 = 0. Let t = l + u. What is the remainder when t is divided by 21?
20
Suppose -10*f + 6*f - 16 = 0, 0 = -3*p - f + 893. Calculate the remainder when p is divided by 101.
97
Suppose 28 = 4*t - 0*t. Suppose o - 1 = 0, -t*p = -4*p - o + 64. Let j = -5 - p. Calculate the remainder when 62 is divided by j.
14
Suppose 16 = 4*k - 0*k - 4*t, 0 = -t. Calculate the remainder when 3 is divided by 3 - ((1 - 4) + k).
1
Let t(o) = -o**3 - 15*o**2 - 4*o - 16. Let d be 15*2*3/(-6). What is the remainder when 129 is divided by t(d)?
41
Let h = -1288 - -2134. Calculate the remainder when h is divided by 11.
10
Let g be (3 - -2 - 4)*2. Suppose b - 1 - g = 0. Let a(t) = 2*t**3 - 5*t**2 + 3*t + 2. What is the remainder when 59 is divided by a(b)?
19
Suppose 0 = -5*a + 7*a + 14. Let n(v) = -v**3 - 8*v**2 - 7*v + 10. Let u = -29 + 48. Calculate the remainder when u is divided by n(a).
9
Let i = -7829 - -7875. What is the remainder when i is divided by (1/(-2))/(1/(-32))?
14
Suppose 0 = 2*s + 3*s + 20, -5*m + 24 = -s. Suppose -2*u + 2*p + 22 - 6 = 0, m*p + 6 = 2*u. What is the remainder when 35 is divided by u?
9
Calculate the remainder when 184 is divided by (-18)/(-108)*102/1.
14
Suppose -3*h - u = -221, 5*h - 7*u + 4*u - 359 = 0. Calculate the remainder when h is divided by 20.
13
Let y(o) = -o**2 - 19*o + 7. Let l be y(-18). Let b = l - 19. Calculate the remainder when b is divided by 3.
0
What is the remainder when 65 is divided by (-43)/43*-1*19 - 0?
8
Suppose 0 = -5*r - b - 20, 2*r = -5*b - 24 - 7. Suppose 0*v + 32 = 4*v. Calculate the remainder when 9 - (r - 2/2) is divided by v.
5
Suppose -33 - 24 = -3*n. Let f = n + -15. Suppose 91 = f*s - 149. Calculate the remainder when s is divided by 21.
18
Suppose d - 6*d = -4*m + 928, m - 232 = -3*d. What is the remainder when m is divided by 39?
37
Let x be (-4745)/(-143) + 4/(-22). Let k = x - 16. Calculate the remainder when 82 is divided by k.
14
Suppose 0*h + h - 56 = 0. Suppose 5*d - 14 = h. Calculate the remainder when 25 is divided by d.
11
Let t(r) = r**2 - 11 + 30*r + 6*r**2 - 10*r - 23*r. What is the remainder when t(5) is divided by 15?
14
Suppose 5*n - 21 = 4. Suppose n*h = g - 75 + 9, h = -4*g + 180. Calculate the remainder when g is divided by ((-2 - -4) + 0)*8.
14
Let c(n) = -6*n**2 - 5*n - 4. Let j be c(3). Let v = 150 + j. Suppose 2*b = f + 3*f - 72, 2*f - 32 = 2*b. Calculate the remainder when v is divided by f.
17
Let c = 486 + -396. Suppose -3*d + 100 = 2*l + 4, 3*d - 2*l = 96. Calculate the remainder when c is divided by d.
26
Let d(k) = -9*k + 33. Let t be d(4). Calculate the remainder when (-20*1)/(35/(-10) - t) is divided by 21.
19
Suppose a - 40 = -3*a. Suppose 5*u = 3*u + j + 3, 2*j + 3 = 3*u. Suppose -u = 3*x - 12. Calculate the remainder when a is divided by x.
1
Suppose 4*g = -2*i + 330, -11*g + 12*g - 96 = -5*i. What is the remainder when g is divided by -3*(-8 + 1)*1?
18
Suppose 4*q + 20 = 0, 2*q - 4*q + 10 = 4*i. Suppose -3*h + 4*a - 5*a + 30 = 0, -4*h + i*a = -59. Calculate the remainder when 117 is divided by h.
7
What is the remainder when 81640/416 - 1*1/4 is divided by 33?
31
Suppose -2*y - y = -3. Suppose 2*z = d - 2, -5*z - 3 = 5*d - 2*z. Let h(i) = i**2 - i + 2. What is the remainder when h(d) is divided by y?
0
Let q = 0 - -23. Suppose -34*i - 224 = -36*i. Calculate the remainder when i is divided by q.
20
Suppose 34 = -235*d + 237*d. Suppose -20 = 4*p, -4*v + 155 = -2*v - 5*p. What is the remainder when v is divided by d?
14
Suppose -4*q - 4*s + 167 = 23, 3*s = 2*q - 102. Let m = 113 - 30. What is the remainder when m is divided by q?
41
Let y(i) = -i**2 + i. Let f(h) = -5*h**2 + 14*h - 23. Let r(s) = -f(s) + 6*y(s). Calculate the remainder when (51/(-6) - -2)*-6 is divided by r(-9).
11
Suppose -3*w + 6*w = -2*g - 131, -2*g - 2*w = 126. Suppose -3*a = -147 - 102. Let v = g + a. Calculate the remainder when v is divided by 14.
11
Suppose -2 = 4*p - 10. Suppose 15*r + 45 = 16*r. Suppose s = -3*f + r, -s + 5*s + p*f - 140 = 0. Calculate the remainder when s is divided by 12.
9
Let b(c) be the second d